a prime number?
False
Is 179522303 composite?
True
Is 185512614167 a prime number?
True
Is 865130947 composite?
True
Is 1383346606 prime?
False
Is 563801167 a prime number?
False
Is 1044475247 a prime number?
True
Is 26666379119 a composite number?
False
Is 1729749137 composite?
True
Is 578312251 a prime number?
False
Is 51907472039 composite?
True
Is 8995983727 a prime number?
False
Is 39528091081 prime?
True
Is 30042595357 prime?
True
Is 749654102 composite?
True
Is 4632343489 composite?
False
Is 3785036327 composite?
False
Is 334983146 composite?
True
Is 3080596699 prime?
False
Is 1077856069 a composite number?
False
Is 14076193 composite?
False
Is 185740301 composite?
True
Is 3870716777 composite?
True
Is 19256704333 composite?
True
Is 2223708203 a composite number?
False
Is 7003986149 composite?
True
Is 12688552001 prime?
False
Is 5623460681 prime?
True
Is 9126359399 composite?
False
Is 333529843 prime?
False
Is 496065107 prime?
False
Is 3685351513 a composite number?
True
Is 24810790139 a composite number?
True
Is 25885562161 a prime number?
True
Is 522488669 a composite number?
True
Is 733394846 prime?
False
Is 11759273653 a composite number?
True
Is 38245436041 a composite number?
False
Is 259464707 prime?
True
Is 4921378519 composite?
False
Is 872183063 composite?
True
Is 192693817 prime?
False
Is 11378976527 composite?
False
Is 495734587 composite?
False
Is 12792478603 a prime number?
False
Is 416358941 a prime number?
True
Is 51984447 composite?
True
Is 2241497053 prime?
True
Is 2606645549 prime?
False
Is 545655667 a prime number?
False
Is 7181619593 a composite number?
False
Is 13153644979 a composite number?
True
Is 45732736157 prime?
False
Is 66650171 composite?
True
Is 3611454403 a composite number?
False
Is 13071197 prime?
True
Is 629574059 composite?
True
Is 3554200003 a composite number?
True
Is 1170891817 a composite number?
True
Is 156647497 composite?
True
Is 2738504339 a prime number?
False
Is 8981820151 a prime number?
True
Is 1245603119 a composite number?
False
Is 122340114861 composite?
True
Is 16468321343 a prime number?
False
Is 81764929 composite?
True
Is 957910927 a composite number?
False
Is 33058911 prime?
False
Is 9299203519 a prime number?
False
Is 15428943193 a composite number?
False
Is 251456969 a composite number?
False
Is 54563567287 a composite number?
False
Is 6299783663 prime?
False
Is 3832688329 prime?
False
Is 941798651 a composite number?
True
Is 17462014117 a composite number?
True
Is 953983861 a composite number?
True
Is 67010168609 a composite number?
True
Is 2926964617 a prime number?
True
Is 2310992377 prime?
True
Is 121669607777 composite?
False
Is 60445350811 composite?
False
Is 3144623897 prime?
True
Is 2654027509 a prime number?
False
Is 2450494051 prime?
True
Is 6911433751 prime?
False
Is 1212524987 a prime number?
True
Is 237751193417 a prime number?
True
Is 401322029 a prime number?
False
Is 15135195385 a prime number?
False
Is 480226333 a composite number?
False
Is 126708719 composite?
False
Is 3929728507 a composite number?
False
Is 7988357759 a composite number?
False
Is 15533568139 prime?
True
Is 49939737439 a prime number?
True
Is 8892303289 a prime number?
True
Is 45907753771 a prime number?
False
Is 5281583383 a prime number?
True
Is 720949357 composite?
True
Is 558259081 prime?
True
Is 3332701951 prime?
True
Is 31444848031 prime?
False
Is 24490923547 a prime number?
False
Is 756369127 a prime number?
False
Is 7920210763 a composite number?
True
Is 95834289 prime?
False
Is 1247734349 a prime number?
True
Is 6171531427 composite?
False
Is 78130891 prime?
True
Is 316678343 a composite number?
True
Is 4471672187 prime?
True
Is 10104091771 a prime number?
False
Is 980785157 composite?
True
Is 1493471179 a composite number?
True
Is 1217325097 a prime number?
True
Is 2104570003 composite?
False
Is 131891209 composite?
False
Is 3991885433 composite?
False
Is 623206567 prime?
False
Is 18992495279 a prime number?
False
Is 802935359 composite?
True
Is 1018526683 composite?
False
Is 17083422781 a prime number?
True
Is 23580913 a prime number?
True
Is 15081545621 prime?
False
Is 257872011 a prime number?
False
Is 11445020339 a prime number?
True
Is 249745362739 a prime number?
True
Is 105087107 a prime number?
True
Is 28599499459 a prime number?
True
Is 66191676295 prime?
False
Is 54803491999 a prime number?
False
Is 188367244607 composite?
True
Is 389132459 a composite number?
False
Is 34355295029 prime?
False
Is 1398065729 prime?
True
Is 31007241677 a prime number?
False
Is 3831573423 composite?
True
Is 1178838317 prime?
False
Is 2910358219 composite?
False
Is 4683857621 a composite number?
False
Is 4536664511 composite?
False
Is 17946446311 a composite number?
True
Is 15630971171 prime?
True
Is 11617867967 a prime number?
True
Is 183285353087 prime?
False
Is 21486303797 a prime number?
False
Is 37415467 prime?
True
Is 1378720933 a composite number?
False
Is 266617889 prime?
True
Is 2488347061 prime?
False
Is 38012965 a composite number?
True
Is 55620499981 composite?
False
Is 3314945783 a prime number?
False
Is 4185559163 composite?
False
Is 602834053 composite?
True
Is 607920917 composite?
False
Is 3181869283 prime?
True
Is 126877717 prime?
False
Is 810601019 a prime number?
False
Is 1442445227 prime?
True
Is 9913327931 a prime number?
False
Is 266916289 a prime number?
True
Is 125876629541 composite?
True
Is 2546552677 a composite number?
False
Is 159195956477 a composite number?
False
Is 74735223873 composite?
True
Is 268283693 a prime number?
True
Is 2175152939 prime?
False
Is 4651368733 a prime number?
False
Is 27974725699 a prime number?
False
Is 1651458883 a prime number?
True
Is 615564799 composite?
True
Is 39494615621 composite?
False
Is 33055483 composite?
True
Is 562765393 a prime number?
False
Is 755348423 composite?
False
Is 50282303813 composite?
True
Is 289931807 prime?
False
Is 43666659539 prime?
False
Is 2787545261 composite?
False
Is 11805679787 prime?
False
Is 76917340243 composite?
False
Is 31703300851 a composite number?
False
Is 44869074689 prime?
True
Is 34737713 composite?
True
Is 24251093201 a prime number?
False
Is 1098747499 composite?
False
Is 155758996709 a composite number?
False
Is 457615453 a composite number?
True
Is 208041859 a prime number?
True
Is 200228733917 a composite number?
False
Is 42794211653 prime?
False
Is 61473681251 a composite number?
False
Is 380817403 composite?
False
Is 1760475659 a prime number?
True
Is 278087677 a prime number?
False
Is 7466663179 a prime number?
False
Is 2104676527 a prime number?
True
Is 709609877 a prime number?
True
Is 26375046613 a prime number?
True
Is 7140539399 composite?
True
Is 1541696899 a prime number?
False
Is 1064756843 a prime number?
False
Is 4411942207 a composite number?
False
Is 34188839 a composite number?
False
Is 73928056667 prime?
True
Is 9101626843 a composite number?
True
Is 18177164462 prime?
False
Is 108455939 a composite number?
False
Is 3943412951 prime?
False
Is 109951620899 a composite number?
False
Is 7412568329 a prime number?
True
Is 292098491 composite?
False
Is 5352803917 a prime number?
True
Is 154821787 prime?
False
Is 3680790353 composite?
False
Is 3121772701 prime?
True
Is 14214299633 a composite number?
False
Is 3375569227 prime?
False
Is 30114939331 prime?
False
Is 9853252127 composite?
True
Is 1870935479 prime?
False
Is 101747218161 a composite number?
True
Is 11412463189 a prime number?
True
Is 3128793097 composite?
False
Is 47816582999 composite?
False
Is 53157282845 composite?
True
Is 14596368041 a prime number?
True
Is 5523820739 a prime number?
False
Is 215634509 prime?
False
Is 2412789185 a composite number?
True
Is 128178121 prime?
True
Is 48619209178 a prime number?
False
Is 596642309 a prime number?
True
Is 27912883589 a composite number?
False
Is 208225763 prime?
True
Is 37905739 a composite number?
True
Is 34379111873 a prime number?
True
Is 919678757 composite?
False
Is 3158566295 composite?
True
Is 13625101 composite?
True
Is 27765773479 composite?
False
Is 7525618337 prime?
False
Is 2249781943 prime?
True
Is 709519411 a composite number?
True
Is 10670440481 a composite number?
False
Is 34036655957 prime?
False
Is 3574232147 a prime number?
True
Is 513417783 a